{"id":6046,"date":"2024-01-22T17:59:36","date_gmt":"2024-01-22T16:59:36","guid":{"rendered":"https:\/\/bartsch.law\/1718432266859\/client-data-privacy\/"},"modified":"2024-06-15T15:22:44","modified_gmt":"2024-06-15T13:22:44","slug":"client-data-privacy","status":"publish","type":"page","link":"https:\/\/bartsch.law\/en\/client-data-privacy\/","title":{"rendered":"Client data privacy"},"content":{"rendered":"\t\t<div data-elementor-type=\"wp-page\" data-elementor-id=\"6046\" class=\"elementor elementor-6046 elementor-2877\" data-elementor-post-type=\"page\">\n\t\t\t\t<div class=\"elementor-element elementor-element-05ba6af e-flex e-con-boxed e-con e-parent\" data-id=\"05ba6af\" data-element_type=\"container\" data-e-type=\"container\" id=\"typisch\" data-settings=\"{&quot;background_background&quot;:&quot;classic&quot;}\">\n\t\t\t\t\t<div class=\"e-con-inner\">\n\t\t\t\t<div class=\"elementor-element elementor-element-336c3efb elementor-widget elementor-widget-heading\" data-id=\"336c3efb\" data-element_type=\"widget\" data-e-type=\"widget\" data-widget_type=\"heading.default\">\n\t\t\t\t<div class=\"elementor-widget-container\">\n\t\t\t\t\t<h2 class=\"elementor-heading-title elementor-size-default\">Client data privacy<\/h2>\t\t\t\t<\/div>\n\t\t\t\t<\/div>\n\t\t\t\t\t<\/div>\n\t\t\t\t<\/div>\n\t\t<div class=\"elementor-element elementor-element-ecaf0da e-flex e-con-boxed e-con e-parent\" data-id=\"ecaf0da\" data-element_type=\"container\" data-e-type=\"container\" data-settings=\"{&quot;background_background&quot;:&quot;classic&quot;}\">\n\t\t\t\t\t<div class=\"e-con-inner\">\n\t\t<div class=\"elementor-element elementor-element-b575734 e-flex e-con-boxed e-con e-child\" data-id=\"b575734\" data-element_type=\"container\" data-e-type=\"container\">\n\t\t\t\t\t<div class=\"e-con-inner\">\n\t\t<div class=\"elementor-element elementor-element-bb34094 e-flex e-con-boxed e-con e-child\" data-id=\"bb34094\" data-element_type=\"container\" data-e-type=\"container\">\n\t\t\t\t\t<div class=\"e-con-inner\">\n\t\t\t\t<div class=\"elementor-element elementor-element-e2aeaf2 elementor-widget elementor-widget-heading\" data-id=\"e2aeaf2\" data-element_type=\"widget\" data-e-type=\"widget\" data-widget_type=\"heading.default\">\n\t\t\t\t<div class=\"elementor-widget-container\">\n\t\t\t\t\t<span class=\"elementor-heading-title elementor-size-default\">1. name and contact details of the controller and the company data protection officer<\/span>\t\t\t\t<\/div>\n\t\t\t\t<\/div>\n\t\t\t\t<div class=\"elementor-element elementor-element-fa0c049 elementor-widget elementor-widget-text-editor\" data-id=\"fa0c049\" data-element_type=\"widget\" data-e-type=\"widget\" data-widget_type=\"text-editor.default\">\n\t\t\t\t<div class=\"elementor-widget-container\">\n\t\t\t\t\t\t\t\t\t<div id=\"c3810\" class=\"csc-frame csc-frame-default\">\n<p class=\"bodytext\">This data protection information applies to data processing by Bartsch Rechtsanw\u00e4lte PartG mbB (&#8220;Soziet\u00e4t&#8221;), Bahnhofsstra\u00dfe 10, D-76137 Karlsruhe, e-mail: <a class=\"mail\" title=\"Opens this page.\">info(at)bartsch.law<\/a>, telephone: +49 (0)721 50 44 72-0, fax: +49 (0)721 50 44 72-01<\/p>\n<p>The firm&#8217;s data protection officer can be contacted at <a class=\"mail\" title=\"Opens this page.\">datenschutz(at)bartsch.law<\/a>.<\/p>\n<\/div>\n<div id=\"c3811\" class=\"csc-frame csc-frame-default csc-space-before-large\"> <\/div>\n\t\t\t\t\t\t\t\t<\/div>\n\t\t\t\t<\/div>\n\t\t\t\t\t<\/div>\n\t\t\t\t<\/div>\n\t\t<div class=\"elementor-element elementor-element-4978768 e-flex e-con-boxed e-con e-child\" data-id=\"4978768\" data-element_type=\"container\" data-e-type=\"container\">\n\t\t\t\t\t<div class=\"e-con-inner\">\n\t\t\t\t<div class=\"elementor-element elementor-element-49a1c02 elementor-widget elementor-widget-heading\" data-id=\"49a1c02\" data-element_type=\"widget\" data-e-type=\"widget\" data-widget_type=\"heading.default\">\n\t\t\t\t<div class=\"elementor-widget-container\">\n\t\t\t\t\t<span class=\"elementor-heading-title elementor-size-default\">2. collection and storage of personal data as well as type and purpose and their use<\/span>\t\t\t\t<\/div>\n\t\t\t\t<\/div>\n\t\t\t\t<div class=\"elementor-element elementor-element-a415554 elementor-widget elementor-widget-text-editor\" data-id=\"a415554\" data-element_type=\"widget\" data-e-type=\"widget\" data-widget_type=\"text-editor.default\">\n\t\t\t\t<div class=\"elementor-widget-container\">\n\t\t\t\t\t\t\t\t\t<p class=\"bodytext\">When you mandate us, we collect the following information:<\/p>\n<ul>\n<li>Title, first name, last name,<\/li>\n<li>a valid e-mail address,<\/li>\n<li>Address,<\/li>\n<li>Telephone number (landline and\/or mobile),<\/li>\n<li>Information that is necessary for the assertion and defense of your rights within the scope of the mandate.<\/li>\n<\/ul>\n<p class=\"bodytext\">This data is collected,<\/p>\n<ul>\n<li>to be able to identify you as our client in order to provide you with appropriate legal advice and representation,<\/li>\n<li>for correspondence with you,<\/li>\n<li>for invoicing,<\/li>\n<li>for the settlement of any existing liability claims,<\/li>\n<li>and the assertion of any claims against you.<\/li>\n<\/ul>\n<p class=\"bodytext\">The data processing is carried out at your request and is permitted under Art. 6 para. 1 p. 1 lit. b GDPR for the purposes mentioned for the appropriate processing of the mandate and for the mutual fulfillment of obligations arising from the mandate agreement.<\/p>\n<p>The personal data collected by us for the mandate will be stored until the expiry of the statutory retention period for lawyers (6 years after the end of the calendar year in which the mandate was terminated) and then deleted, unless we are obliged to do so pursuant to Art. 6 para. 1 p. 1 lit. C GDPR due to retention and documentation obligations under tax and commercial law (from HGB, StGB or AO) or you have consented to longer storage in accordance with Art. 6 Para. 1 p. 1 lit. a GDPR have consented.<\/p>\n\t\t\t\t\t\t\t\t<\/div>\n\t\t\t\t<\/div>\n\t\t\t\t\t<\/div>\n\t\t\t\t<\/div>\n\t\t<div class=\"elementor-element elementor-element-d218f0c e-flex e-con-boxed e-con e-child\" data-id=\"d218f0c\" data-element_type=\"container\" data-e-type=\"container\">\n\t\t\t\t\t<div class=\"e-con-inner\">\n\t\t\t\t<div class=\"elementor-element elementor-element-3e390bf elementor-widget elementor-widget-heading\" data-id=\"3e390bf\" data-element_type=\"widget\" data-e-type=\"widget\" data-widget_type=\"heading.default\">\n\t\t\t\t<div class=\"elementor-widget-container\">\n\t\t\t\t\t<span class=\"elementor-heading-title elementor-size-default\">3. disclosure of data to third parties<\/span>\t\t\t\t<\/div>\n\t\t\t\t<\/div>\n\t\t\t\t<div class=\"elementor-element elementor-element-dd389a6 elementor-widget elementor-widget-text-editor\" data-id=\"dd389a6\" data-element_type=\"widget\" data-e-type=\"widget\" data-widget_type=\"text-editor.default\">\n\t\t\t\t<div class=\"elementor-widget-container\">\n\t\t\t\t\t\t\t\t\t<p class=\"bodytext\">Your personal data will not be transferred to third parties for purposes other than those listed below. We only pass on your personal data to third parties if:  <\/p>\n<ul>\n<li>You have your according to Art.6 Para.1 S.1 lit.a DSGVO have given their express consent to this,<\/li>\n<li>the disclosure pursuant to Art. 6 Para.1 S.1 lit.f DSGVO is necessary for the assertion, exercise or defense of legal claims and there is no reason to assume that you have an overriding interest worthy of protection in not disclosing your data,<\/li>\n<li>in the event that the disclosure pursuant to Art.6 Para.1 S.1 lit.c DSGVO is a legal obligation, as well as this is legally permissible and in accordance with Art.6 Para.1 S.1 lit.b DSGVO is required for the processing of contractual relationships with you.<\/li>\n<\/ul>\n\t\t\t\t\t\t\t\t<\/div>\n\t\t\t\t<\/div>\n\t\t\t\t\t<\/div>\n\t\t\t\t<\/div>\n\t\t\t\t\t<\/div>\n\t\t\t\t<\/div>\n\t\t<div class=\"elementor-element elementor-element-a241f35 e-flex e-con-boxed e-con e-child\" data-id=\"a241f35\" data-element_type=\"container\" data-e-type=\"container\">\n\t\t\t\t\t<div class=\"e-con-inner\">\n\t\t<div class=\"elementor-element elementor-element-87c63e4 e-flex e-con-boxed e-con e-child\" data-id=\"87c63e4\" data-element_type=\"container\" data-e-type=\"container\">\n\t\t\t\t\t<div class=\"e-con-inner\">\n\t\t\t\t<div class=\"elementor-element elementor-element-c037771 elementor-widget elementor-widget-heading\" data-id=\"c037771\" data-element_type=\"widget\" data-e-type=\"widget\" data-widget_type=\"heading.default\">\n\t\t\t\t<div class=\"elementor-widget-container\">\n\t\t\t\t\t<span class=\"elementor-heading-title elementor-size-default\">4. rights of data subjects\n<\/span>\t\t\t\t<\/div>\n\t\t\t\t<\/div>\n\t\t\t\t<div class=\"elementor-element elementor-element-8eb7199 elementor-widget elementor-widget-text-editor\" data-id=\"8eb7199\" data-element_type=\"widget\" data-e-type=\"widget\" data-widget_type=\"text-editor.default\">\n\t\t\t\t<div class=\"elementor-widget-container\">\n\t\t\t\t\t\t\t\t\t<p class=\"bodytext\">You have the right:<\/p>\n<ul>\n<li>pursuant to Art. 7 para. 3 GDPR to revoke your consent once given to us at any time. As a result, we may no longer continue the data processing that was based on this consent in the future;<\/li>\n<li>to request information about your personal data processed by us in accordance with Art. 15 GDPR. In particular, you can request information about the processing purposes, the category of personal data, the categories of recipients to whom your data has been or will be disclosed, the planned storage period, the existence of a right to rectification, erasure, restriction of processing or objection, the existence of a right to lodge a complaint, the origin of your data if it was not collected by us, and the existence of automated decision-making including profiling and, if applicable, meaningful information about its details;<\/li>\n<li>in accordance with Art. 16 GDPR, to immediately request the correction of incorrect or incomplete personal data stored by us;<\/li>\n<li>in accordance with Art. 17 GDPR, to demand the deletion of your personal data stored by us, unless the processing is necessary to exercise the right to freedom of expression and information, to fulfill a legal obligation, for reasons of public interest or to assert, exercise or defend legal claims;<\/li>\n<li>in accordance with Art. 18 GDPR, to demand the restriction of the processing of your personal data if the accuracy of the data is disputed by you, the processing is unlawful but you refuse to delete it and we no longer need the data, but you need it to assert, exercise or defend legal claims or you have lodged an objection to the processing in accordance with Art. 21 GDPR;<\/li>\n<li>in accordance with Art. 20 GDPR, to receive your personal data that you have provided to us in a structured, commonly used and machine-readable format or to request that it be transmitted to another controller, and<\/li>\n<li>to lodge a complaint with a supervisory authority pursuant to Art. 77 GDPR. As a rule, you can contact the supervisory authority of your usual place of residence or workplace or the registered office of our law firm.<\/li>\n<\/ul>\n\t\t\t\t\t\t\t\t<\/div>\n\t\t\t\t<\/div>\n\t\t\t\t\t<\/div>\n\t\t\t\t<\/div>\n\t\t<div class=\"elementor-element elementor-element-71b2867 e-flex e-con-boxed e-con e-child\" data-id=\"71b2867\" data-element_type=\"container\" data-e-type=\"container\">\n\t\t\t\t\t<div class=\"e-con-inner\">\n\t\t\t\t<div class=\"elementor-element elementor-element-a02e90b elementor-widget elementor-widget-heading\" data-id=\"a02e90b\" data-element_type=\"widget\" data-e-type=\"widget\" data-widget_type=\"heading.default\">\n\t\t\t\t<div class=\"elementor-widget-container\">\n\t\t\t\t\t<span class=\"elementor-heading-title elementor-size-default\">5. right of objection<\/span>\t\t\t\t<\/div>\n\t\t\t\t<\/div>\n\t\t\t\t<div class=\"elementor-element elementor-element-efcfd4b elementor-widget elementor-widget-text-editor\" data-id=\"efcfd4b\" data-element_type=\"widget\" data-e-type=\"widget\" data-widget_type=\"text-editor.default\">\n\t\t\t\t<div class=\"elementor-widget-container\">\n\t\t\t\t\t\t\t\t\t<div id=\"c33\" class=\"csc-frame csc-frame-default csc-space-before-large\">\n<p class=\"bodytext\">If your personal data is processed on the basis of legitimate interests pursuant to Art. 6 para. 1 p. 1 lit. F GDPR, you have the right to object to the processing of your personal data pursuant to Art. 21 GDPR on grounds relating to your particular situation. If you wish to exercise your right to object, simply send an e-mail to <a class=\"mail\" title=\"Opens this page.\">info(at)bartsch.law<\/a>.<\/p>\n<\/div>\n\t\t\t\t\t\t\t\t<\/div>\n\t\t\t\t<\/div>\n\t\t\t\t\t<\/div>\n\t\t\t\t<\/div>\n\t\t\t\t\t<\/div>\n\t\t\t\t<\/div>\n\t\t\t\t\t<\/div>\n\t\t\t\t<\/div>\n\t\t\t\t<\/div>\n\t\t","protected":false},"excerpt":{"rendered":"<p>Client data privacy 1. name and contact details of the controller and the company data protection officer This data protection information applies to data processing by Bartsch Rechtsanw\u00e4lte PartG mbB (&#8220;Soziet\u00e4t&#8221;), Bahnhofsstra\u00dfe 10, D-76137 Karlsruhe, e-mail: info(at)bartsch.law, telephone: +49 (0)721 50 44 72-0, fax: +49 (0)721 50 44 72-01 The firm&#8217;s data protection officer can [&hellip;]<\/p>\n","protected":false},"author":4,"featured_media":0,"parent":0,"menu_order":12,"comment_status":"closed","ping_status":"closed","template":"elementor_header_footer","meta":{"_acf_changed":false,"footnotes":""},"class_list":["post-6046","page","type-page","status-publish","hentry"],"acf":[],"_links":{"self":[{"href":"https:\/\/bartsch.law\/en\/wp-json\/wp\/v2\/pages\/6046","targetHints":{"allow":["GET"]}}],"collection":[{"href":"https:\/\/bartsch.law\/en\/wp-json\/wp\/v2\/pages"}],"about":[{"href":"https:\/\/bartsch.law\/en\/wp-json\/wp\/v2\/types\/page"}],"author":[{"embeddable":true,"href":"https:\/\/bartsch.law\/en\/wp-json\/wp\/v2\/users\/4"}],"replies":[{"embeddable":true,"href":"https:\/\/bartsch.law\/en\/wp-json\/wp\/v2\/comments?post=6046"}],"version-history":[{"count":1,"href":"https:\/\/bartsch.law\/en\/wp-json\/wp\/v2\/pages\/6046\/revisions"}],"predecessor-version":[{"id":6047,"href":"https:\/\/bartsch.law\/en\/wp-json\/wp\/v2\/pages\/6046\/revisions\/6047"}],"wp:attachment":[{"href":"https:\/\/bartsch.law\/en\/wp-json\/wp\/v2\/media?parent=6046"}],"curies":[{"name":"wp","href":"https:\/\/api.w.org\/{rel}","templated":true}]}}

<div data-elementor-type="wp-page" data-elementor-id="6046" class="elementor elementor-6046 elementor-2877" data-elementor-post-type="page">
				<div class="elementor-element elementor-element-05ba6af e-flex e-con-boxed e-con e-parent" data-id="05ba6af" data-element_type="container" data-e-type="container" id="typisch" data-settings="{&quot;background_background&quot;:&quot;classic&quot;}">
					<div class="e-con-inner">
				<div class="elementor-element elementor-element-336c3efb elementor-widget elementor-widget-heading" data-id="336c3efb" data-element_type="widget" data-e-type="widget" data-widget_type="heading.default">
				<div class="elementor-widget-container">
					<h2 class="elementor-heading-title elementor-size-default">Client data privacy</h2>				</div>
				</div>
					</div>
				</div>
		<div class="elementor-element elementor-element-ecaf0da e-flex e-con-boxed e-con e-parent" data-id="ecaf0da" data-element_type="container" data-e-type="container" data-settings="{&quot;background_background&quot;:&quot;classic&quot;}">
					<div class="e-con-inner">
		<div class="elementor-element elementor-element-b575734 e-flex e-con-boxed e-con e-child" data-id="b575734" data-element_type="container" data-e-type="container">
					<div class="e-con-inner">
		<div class="elementor-element elementor-element-bb34094 e-flex e-con-boxed e-con e-child" data-id="bb34094" data-element_type="container" data-e-type="container">
					<div class="e-con-inner">
				<div class="elementor-element elementor-element-e2aeaf2 elementor-widget elementor-widget-heading" data-id="e2aeaf2" data-element_type="widget" data-e-type="widget" data-widget_type="heading.default">
				<div class="elementor-widget-container">
					<span class="elementor-heading-title elementor-size-default">1. name and contact details of the controller and the company data protection officer</span>				</div>
				</div>
				<div class="elementor-element elementor-element-fa0c049 elementor-widget elementor-widget-text-editor" data-id="fa0c049" data-element_type="widget" data-e-type="widget" data-widget_type="text-editor.default">
				<div class="elementor-widget-container">
									<div id="c3810" class="csc-frame csc-frame-default">
<p class="bodytext">This data protection information applies to data processing by Bartsch Rechtsanwälte PartG mbB (&#8220;Sozietät&#8221;), Bahnhofsstraße 10, D-76137 Karlsruhe, e-mail: <a class="mail" title="Opens this page.">info(at)bartsch.law</a>, telephone: +49 (0)721 50 44 72-0, fax: +49 (0)721 50 44 72-01</p>
<p>The firm&#8217;s data protection officer can be contacted at <a class="mail" title="Opens this page.">datenschutz(at)bartsch.law</a>.</p>
</div>
<div id="c3811" class="csc-frame csc-frame-default csc-space-before-large"> </div>
								</div>
				</div>
					</div>
				</div>
		<div class="elementor-element elementor-element-4978768 e-flex e-con-boxed e-con e-child" data-id="4978768" data-element_type="container" data-e-type="container">
					<div class="e-con-inner">
				<div class="elementor-element elementor-element-49a1c02 elementor-widget elementor-widget-heading" data-id="49a1c02" data-element_type="widget" data-e-type="widget" data-widget_type="heading.default">
				<div class="elementor-widget-container">
					<span class="elementor-heading-title elementor-size-default">2. collection and storage of personal data as well as type and purpose and their use</span>				</div>
				</div>
				<div class="elementor-element elementor-element-a415554 elementor-widget elementor-widget-text-editor" data-id="a415554" data-element_type="widget" data-e-type="widget" data-widget_type="text-editor.default">
				<div class="elementor-widget-container">
									<p class="bodytext">When you mandate us, we collect the following information:</p>
<ul>
<li>Title, first name, last name,</li>
<li>a valid e-mail address,</li>
<li>Address,</li>
<li>Telephone number (landline and/or mobile),</li>
<li>Information that is necessary for the assertion and defense of your rights within the scope of the mandate.</li>
</ul>
<p class="bodytext">This data is collected,</p>
<ul>
<li>to be able to identify you as our client in order to provide you with appropriate legal advice and representation,</li>
<li>for correspondence with you,</li>
<li>for invoicing,</li>
<li>for the settlement of any existing liability claims,</li>
<li>and the assertion of any claims against you.</li>
</ul>
<p class="bodytext">The data processing is carried out at your request and is permitted under Art. 6 para. 1 p. 1 lit. b GDPR for the purposes mentioned for the appropriate processing of the mandate and for the mutual fulfillment of obligations arising from the mandate agreement.</p>
<p>The personal data collected by us for the mandate will be stored until the expiry of the statutory retention period for lawyers (6 years after the end of the calendar year in which the mandate was terminated) and then deleted, unless we are obliged to do so pursuant to Art. 6 para. 1 p. 1 lit. C GDPR due to retention and documentation obligations under tax and commercial law (from HGB, StGB or AO) or you have consented to longer storage in accordance with Art. 6 Para. 1 p. 1 lit. a GDPR have consented.</p>
								</div>
				</div>
					</div>
				</div>
		<div class="elementor-element elementor-element-d218f0c e-flex e-con-boxed e-con e-child" data-id="d218f0c" data-element_type="container" data-e-type="container">
					<div class="e-con-inner">
				<div class="elementor-element elementor-element-3e390bf elementor-widget elementor-widget-heading" data-id="3e390bf" data-element_type="widget" data-e-type="widget" data-widget_type="heading.default">
				<div class="elementor-widget-container">
					<span class="elementor-heading-title elementor-size-default">3. disclosure of data to third parties</span>				</div>
				</div>
				<div class="elementor-element elementor-element-dd389a6 elementor-widget elementor-widget-text-editor" data-id="dd389a6" data-element_type="widget" data-e-type="widget" data-widget_type="text-editor.default">
				<div class="elementor-widget-container">
									<p class="bodytext">Your personal data will not be transferred to third parties for purposes other than those listed below. We only pass on your personal data to third parties if:  </p>
<ul>
<li>You have your according to Art.6 Para.1 S.1 lit.a DSGVO have given their express consent to this,</li>
<li>the disclosure pursuant to Art. 6 Para.1 S.1 lit.f DSGVO is necessary for the assertion, exercise or defense of legal claims and there is no reason to assume that you have an overriding interest worthy of protection in not disclosing your data,</li>
<li>in the event that the disclosure pursuant to Art.6 Para.1 S.1 lit.c DSGVO is a legal obligation, as well as this is legally permissible and in accordance with Art.6 Para.1 S.1 lit.b DSGVO is required for the processing of contractual relationships with you.</li>
</ul>
								</div>
				</div>
					</div>
				</div>
					</div>
				</div>
		<div class="elementor-element elementor-element-a241f35 e-flex e-con-boxed e-con e-child" data-id="a241f35" data-element_type="container" data-e-type="container">
					<div class="e-con-inner">
		<div class="elementor-element elementor-element-87c63e4 e-flex e-con-boxed e-con e-child" data-id="87c63e4" data-element_type="container" data-e-type="container">
					<div class="e-con-inner">
				<div class="elementor-element elementor-element-c037771 elementor-widget elementor-widget-heading" data-id="c037771" data-element_type="widget" data-e-type="widget" data-widget_type="heading.default">
				<div class="elementor-widget-container">
					<span class="elementor-heading-title elementor-size-default">4. rights of data subjects
</span>				</div>
				</div>
				<div class="elementor-element elementor-element-8eb7199 elementor-widget elementor-widget-text-editor" data-id="8eb7199" data-element_type="widget" data-e-type="widget" data-widget_type="text-editor.default">
				<div class="elementor-widget-container">
									<p class="bodytext">You have the right:</p>
<ul>
<li>pursuant to Art. 7 para. 3 GDPR to revoke your consent once given to us at any time. As a result, we may no longer continue the data processing that was based on this consent in the future;</li>
<li>to request information about your personal data processed by us in accordance with Art. 15 GDPR. In particular, you can request information about the processing purposes, the category of personal data, the categories of recipients to whom your data has been or will be disclosed, the planned storage period, the existence of a right to rectification, erasure, restriction of processing or objection, the existence of a right to lodge a complaint, the origin of your data if it was not collected by us, and the existence of automated decision-making including profiling and, if applicable, meaningful information about its details;</li>
<li>in accordance with Art. 16 GDPR, to immediately request the correction of incorrect or incomplete personal data stored by us;</li>
<li>in accordance with Art. 17 GDPR, to demand the deletion of your personal data stored by us, unless the processing is necessary to exercise the right to freedom of expression and information, to fulfill a legal obligation, for reasons of public interest or to assert, exercise or defend legal claims;</li>
<li>in accordance with Art. 18 GDPR, to demand the restriction of the processing of your personal data if the accuracy of the data is disputed by you, the processing is unlawful but you refuse to delete it and we no longer need the data, but you need it to assert, exercise or defend legal claims or you have lodged an objection to the processing in accordance with Art. 21 GDPR;</li>
<li>in accordance with Art. 20 GDPR, to receive your personal data that you have provided to us in a structured, commonly used and machine-readable format or to request that it be transmitted to another controller, and</li>
<li>to lodge a complaint with a supervisory authority pursuant to Art. 77 GDPR. As a rule, you can contact the supervisory authority of your usual place of residence or workplace or the registered office of our law firm.</li>
</ul>
								</div>
				</div>
					</div>
				</div>
		<div class="elementor-element elementor-element-71b2867 e-flex e-con-boxed e-con e-child" data-id="71b2867" data-element_type="container" data-e-type="container">
					<div class="e-con-inner">
				<div class="elementor-element elementor-element-a02e90b elementor-widget elementor-widget-heading" data-id="a02e90b" data-element_type="widget" data-e-type="widget" data-widget_type="heading.default">
				<div class="elementor-widget-container">
					<span class="elementor-heading-title elementor-size-default">5. right of objection</span>				</div>
				</div>
				<div class="elementor-element elementor-element-efcfd4b elementor-widget elementor-widget-text-editor" data-id="efcfd4b" data-element_type="widget" data-e-type="widget" data-widget_type="text-editor.default">
				<div class="elementor-widget-container">
									<div id="c33" class="csc-frame csc-frame-default csc-space-before-large">
<p class="bodytext">If your personal data is processed on the basis of legitimate interests pursuant to Art. 6 para. 1 p. 1 lit. F GDPR, you have the right to object to the processing of your personal data pursuant to Art. 21 GDPR on grounds relating to your particular situation. If you wish to exercise your right to object, simply send an e-mail to <a class="mail" title="Opens this page.">info(at)bartsch.law</a>.</p>
</div>
								</div>
				</div>
					</div>
				</div>
					</div>
				</div>
					</div>
				</div>
				</div>

<p>Client data privacy 1. name and contact details of the controller and the company data protection officer This data protection information applies to data processing by Bartsch Rechtsanwälte PartG mbB (&#8220;Sozietät&#8221;), Bahnhofsstraße 10, D-76137 Karlsruhe, e-mail: info(at)bartsch.law, telephone: +49 (0)721 50 44 72-0, fax: +49 (0)721 50 44 72-01 The firm&#8217;s data protection officer can [&hellip;]</p>
